1332417
What is -30330132 (base 5) in base 8?
-737643
Convert 139116 (base 10) to base 6.
2552020
-bbca9 (base 14) to base 6
-13431405
What is -3301302 (base 4) in base 2?
-11110001110010
-2821874 (base 9) to base 15
-20932a
What is 87c893 (base 13) in base 11?
1894870
11001111111001010 (base 2) to base 13
395ab
Convert -127363 (base 9) to base 4.
-102330012
What is -3e1e1 (base 15) in base 6?
-4135521
Convert 300635 (base 7) to base 4.
30120311
Convert -333312 (base 6) to base 15.
-8455
Convert -8525153 (base 9) to base 16.
-45a2d5
91d8a (base 15) to base 3
212110211011
What is -1049b3a (base 13) in base 7?
-60116420
What is -25630044 (base 7) in base 14?
-450024
What is -11100110111100111 (base 2) in base 15?
-25082
What is 1100110111110111101 (base 2) in base 14?
ada21
What is -377bca (base 16) in base 3?
-20211201212222
Convert -1ed31 (base 16) to base 14.
-34025
What is 12051 (base 9) in base 4?
1332001
-144102441 (base 5) to base 8
-2736141
What is -30244 (base 7) in base 16?
-1ca5
e319b (base 16) to base 3
1202020222222
Convert -a19331 (base 11) to base 14.
-308aa3
What is -265ba9 (base 14) in base 6?
-44201053
Convert -12231434 (base 7) to base 15.
-16aed2
489199 (base 13) to base 15
243a6d
-120130123100 (base 4) to base 2
-11000011100011011010000
What is 51237 (base 9) in base 15?
9eda
What is -114ccb5 (base 16) in base 9?
-37117774
Convert -101001111011111010010 (base 2) to base 11.
-859479
-1387052 (base 15) to base 4
-311301300230
Convert 442413 (base 7) to base 14.
2047a
162567 (base 11) to base 4
331211031
Convert -36522 (base 9) to base 14.
-8cca
Convert -149800a (base 12) to base 13.
-b35528
What is -321133000 (base 6) in base 3?
-101122102220000
What is -10a5510 (base 12) in base 6?
-152351220
What is 3737 (base 11) in base 8?
11420
14244301 (base 6) to base 9
823701
-76073 (base 16) to base 15
-98398
-5040434 (base 7) to base 2
-10010010000000110110
11111221112100 (base 3) to base 4
21021333333
1445322 (base 6) to base 12
40842
-20140034 (base 5) to base 14
-42ddc
Convert -509763 (base 10) to base 14.
-d3ab9
1001100100110100011 (base 2) to base 7
2444522
Convert 1101101111101001101011 (base 2) to base 16.
36fa6b
-11100010110101011 (base 2) to base 8
-342653
Convert -15d96d (base 14) to base 15.
-1025c7
What is 6c13d (base 15) in base 12?
147471
Convert -255ac94 (base 13) to base 4.
-230202311033
Convert a0526 (base 13) to base 12.
11995b
Convert 1545685 (base 15) to base 6.
1310130542
11010101111101110110110 (base 2) to base 7
113410655
Convert -2463606 (base 8) to base 16.
-a6786
What is 18530840 (base 9) in base 4?
203222233131
What is 318358 (base 10) in base 12?
13429a
What is -64666564 (base 7) in base 14?
-a3d16b
What is -1ba0a86 (base 12) in base 2?
-10110101000010000000110
583365 (base 11) to base 4
3202101122
Convert -111001110210 (base 3) to base 16.
-3ebb9
What is -110110001001000001 (base 2) in base 11?
-141681
What is -844954 (base 10) in base 2?
-11001110010010011010
What is 10403303 (base 5) in base 4?
112033012
What is 116465 (base 9) in base 6?
1301435
Convert -3476aa (base 15) to base 8.
-11436040
What is 122331013 (base 4) in base 15?
22aa7
What is -5475732 (base 9) in base 3?
-12112112211002
-18b3a3 (base 14) to base 3
-1122111201221
What is -2612b (base 15) in base 16?
-1dba6
What is -1121212102121 (base 3) in base 14?
-18694d
Convert 27a264 (base 13) to base 2.
11101011100100100111
What is 1626337 (base 8) in base 4?
1302303133
-3312132210 (base 4) to base 2
-11110110011110100100
Convert 2690d (base 15) to base 9.
207414
What is -c1134 (base 13) in base 14?
-8dacd
-4741746 (base 10) to base 11
-27495a9
What is -375b (base 12) in base 16?
-1877
What is 3259696 (base 10) in base 6?
153511104
What is 1111110001 (base 2) in base 4?
33301
What is -1a568b (base 16) in base 4?
-12211122023
Convert 3300717 (base 12) to base 8.
45014003
66d3 (base 15) to base 13
9bca
-100001001101100 (base 2) to base 5
-1021004
Convert -1543225 (base 6) to base 12.
-44b15
Convert 110304313 (base 5) to base 7.
4032436
Convert -a71 (base 14) to base 3.
-2211021
What is 4fb68 (base 16) in base 13?
b57c9
What is 327118 (base 10) in base 7?
2531461
Convert 119c4b (base 14) to base 2.
10010011010011011011
Convert -2ac93 (base 14) to base 5.
-11404003
11110010010101001100010 (base 2) to base 10
7940706
-f017f (base 16) to base 5
-222432143
Convert dd2db (base 15) to base 5.
134441111
Convert -370607 (base 8) to base 7.
-1040222
-6550 (base 9) to base 10
-4824
-87141 (base 10) to base 4
-111101211
What is -944177 (base 11) in base 9?
-2756174
-100123113 (base 4) to base 15
-14e0c
Convert 110001011001100000110 (base 2) to base 11.
a06170
2433550 (base 9) to base 13
3735c0
Convert 135315344 (base 6) to base 5.
1202403134
-31145402 (base 6) to base 13
-256c3a
What is -1016636 (base 7) in base 13?
-43958
Convert -1b07d (base 16) to base 5.
-12020332
What is -1133111003 (base 4) in base 6?
-12211415
Convert 1031115311 (base 6) to base 16.
a774db
Convert 11220210011 (base 3) to base 6.
2024051
Convert -130332310313 (base 4) to base 10.
-7597367
12270 (base 14) to base 12
21836
Convert 37a7d (base 15) to base 16.
2b6cc
What is 111000111001111110001 (base 2) in base 8?
7071761
Convert -113044220 (base 5) to base 4.
-1332220131
What is 2a987 (base 12) in base 3?
10001111211
-287998 (base 11) to base 3
-211211221011
What is -3151522 (base 6) in base 7?
-1212554
-8313551 (base 10) to base 6
-454104355
Convert 10211033020 (base 4) to base 7.
13131511
-174740 (base 11) to base 16
-41db9
What is -20da68 (base 14) in base 13?
-2cca00
Convert -62435 (base 8) to base 5.
-1312020
What is -18c666 (base 13) in base 2?
-10011001001000101011
-658894 (base 14) to base 12
-11a0356
-5139748 (base 10) to base 13
-10ac593
Convert 250141024 (base 6) to base 15.
643e54
What is -124342412 (base 7) in base 10?
-7943399
What is 11878144 (base 9) in base 4?
112101131122
20330134 (base 5) to base 3
22111211100
What is 17206314 (base 8) in base 2?
1111010000110011001100
Convert -2341d1 (base 14) to base 6.
-41433551
What is d0a7 (base 16) in base 5?
3202130
Convert 397d9 (base 15) to base 14.
4b0cd
What is 550323 (base 7) in base 12?
47810
-12022001021 (base 3) to base 8
-313531
Convert -323591 (base 10) to base 4.
-1033000013
625006 (base 7) to base 8
321545
Convert 10111022 (base 6) to base 5.
33223423
Convert 11131444 (base 5) to base 11.
6841a
What is -173857 (base 9) in base 13?
-3a132
Convert 549d79 (base 15) to base 14.
76d965
-a8b986 (base 13) to base 7
-45502141
What is 136297 (base 13) in base 4?
1302321130
What is -14951c (base 13) in base 5?
-112144210
Convert -1165411 (base 7) to base 4.
-210303331
Convert -11100111010110111111000 (base 2) to base 11.
-4308939
What is -63f1 (base 16) in base 8?
-61761
Convert -4263130 (base 7) to base 6.
-15050031
What is 6ba9ac (base 14) in base 16?
38229c
Convert -11220232001 (base 4) to base 9.
-2701672
Convert 73370 (base 8) to base 2.
111011011111000
Convert -73568 (base 12) to base 3.
-21200022122
3a945 (base 14) to base 12
6b769
2553012 (base 6) to base 16
22040
What is -11101121001110 (base 3) in base 8?
-10717131
-87b05 (base 12) to base 7
-1345352
201120201021002 (base 3) to base 9
21521232
-15345ba (base 13) to base 7
-111422046
Convert 3a53658 (base 11) to base 16.
6adc2c
What is 591b70 (base 12) in base 16?
15e244
13120644 (base 9) to base 3
110010200201111
Convert -13e6a (base 15) to base 2.
-1111101000000000
Convert 660806 (base 12) to base 2.
110001011001010000110
2352663 (base 8) to base 7
5323046
Convert 1365687 (base 12) to base 14.
72910b
-235742 (base 8) to base 15
-18e61
86171 (base 9) to base 4
31322233
What is -c2303 (base 13) in base 15?
-6d00b
30300002 (base 6) to base 15
120b28
What is a7924 (base 12) in base 13?
79651
-160053 (base 9) to base 11
-67a82
-1576415 (base 8) to base 6
-13452205
What is 21585 (base 14) in base 3?
11002122220
-3703a (base 15) to base 4
-222313003
What is 330032011 (base 4) in base 8?
741605
-5aa3b (base 13) to base 15
-34510
-120351122 (base 6) to base 16
-22a17a
Convert -13776 (base 13) to base 3.
-1211222100
Convert 4012324401 (base 5) to base 4.
132100302231
Convert -2d49a (base 14) to base 5.
-12112144
What is 4c3963 (base 13) in base 14?
35b1bb
1aa47a (base 11) 